{"id":162,"date":"2018-09-19T20:38:07","date_gmt":"2018-09-19T20:38:07","guid":{"rendered":"http:\/\/www.lugefiber.sk\/?page_id=162"},"modified":"2023-06-24T15:17:22","modified_gmt":"2023-06-24T15:17:22","slug":"horizontalne-zaluzie","status":"publish","type":"page","link":"https:\/\/www.lugemont.sk\/index.php\/sortiment\/horizontalne-zaluzie\/","title":{"rendered":"Horizont\u00e1lne \u017eal\u00fazie"},"content":{"rendered":"\t\t<div data-elementor-type=\"wp-page\" data-elementor-id=\"162\" class=\"elementor elementor-162\">\n\t\t\t\t\t\t\t\t\t<section class=\"elementor-section elementor-top-section elementor-element elementor-element-a18930c elementor-section-boxed elementor-section-height-default elementor-section-height-default\" data-id=\"a18930c\" data-element_type=\"section\">\n\t\t\t\t\t\t<div class=\"elementor-container elementor-column-gap-default\">\n\t\t\t\t\t<div class=\"elementor-column elementor-col-100 elementor-top-column elementor-element elementor-element-a98fa79\" data-id=\"a98fa79\" data-element_type=\"column\">\n\t\t\t<div class=\"elementor-widget-wrap elementor-element-populated\">\n\t\t\t\t\t\t\t\t<div class=\"elementor-element elementor-element-1ca2cd2 elementor-widget elementor-widget-heading\" data-id=\"1ca2cd2\" data-element_type=\"widget\" data-widget_type=\"heading.default\">\n\t\t\t\t<div class=\"elementor-widget-container\">\n\t\t\t<style>\/*! elementor - v3.13.3 - 28-05-2023 *\/\n.elementor-heading-title{padding:0;margin:0;line-height:1}.elementor-widget-heading .elementor-heading-title[class*=elementor-size-]>a{color:inherit;font-size:inherit;line-height:inherit}.elementor-widget-heading .elementor-heading-title.elementor-size-small{font-size:15px}.elementor-widget-heading .elementor-heading-title.elementor-size-medium{font-size:19px}.elementor-widget-heading .elementor-heading-title.elementor-size-large{font-size:29px}.elementor-widget-heading .elementor-heading-title.elementor-size-xl{font-size:39px}.elementor-widget-heading .elementor-heading-title.elementor-size-xxl{font-size:59px}<\/style><h1 class=\"elementor-heading-title elementor-size-default\">Horizont\u00e1lne vn\u00fatorn\u00e9 \u017eal\u00fazie<\/h1>\t\t<\/div>\n\t\t\t\t<\/div>\n\t\t\t\t\t<\/div>\n\t\t<\/div>\n\t\t\t\t\t\t\t<\/div>\n\t\t<\/section>\n\t\t\t\t<section class=\"elementor-section elementor-top-section elementor-element elementor-element-e2629d5 elementor-section-boxed elementor-section-height-default elementor-section-height-default\" data-id=\"e2629d5\" data-element_type=\"section\" data-settings=\"{&quot;background_background&quot;:&quot;classic&quot;}\">\n\t\t\t\t\t\t<div class=\"elementor-container elementor-column-gap-default\">\n\t\t\t\t\t<div class=\"elementor-column elementor-col-100 elementor-top-column elementor-element elementor-element-ae27b67\" data-id=\"ae27b67\" data-element_type=\"column\">\n\t\t\t<div class=\"elementor-widget-wrap elementor-element-populated\">\n\t\t\t\t\t\t\t\t<div class=\"elementor-element elementor-element-502836d elementor-widget elementor-widget-spacer\" data-id=\"502836d\" data-element_type=\"widget\" data-widget_type=\"spacer.default\">\n\t\t\t\t<div class=\"elementor-widget-container\">\n\t\t\t<style>\/*! elementor - v3.13.3 - 28-05-2023 *\/\n.elementor-column .elementor-spacer-inner{height:var(--spacer-size)}.e-con{--container-widget-width:100%}.e-con-inner>.elementor-widget-spacer,.e-con>.elementor-widget-spacer{width:var(--container-widget-width,var(--spacer-size));--align-self:var(--container-widget-align-self,initial);--flex-shrink:0}.e-con-inner>.elementor-widget-spacer>.elementor-widget-container,.e-con-inner>.elementor-widget-spacer>.elementor-widget-container>.elementor-spacer,.e-con>.elementor-widget-spacer>.elementor-widget-container,.e-con>.elementor-widget-spacer>.elementor-widget-container>.elementor-spacer{height:100%}.e-con-inner>.elementor-widget-spacer>.elementor-widget-container>.elementor-spacer>.elementor-spacer-inner,.e-con>.elementor-widget-spacer>.elementor-widget-container>.elementor-spacer>.elementor-spacer-inner{height:var(--container-widget-height,var(--spacer-size))}<\/style>\t\t<div class=\"elementor-spacer\">\n\t\t\t<div class=\"elementor-spacer-inner\"><\/div>\n\t\t<\/div>\n\t\t\t\t<\/div>\n\t\t\t\t<\/div>\n\t\t\t\t\t<\/div>\n\t\t<\/div>\n\t\t\t\t\t\t\t<\/div>\n\t\t<\/section>\n\t\t\t\t<section class=\"elementor-section elementor-top-section elementor-element elementor-element-3725965 elementor-section-boxed elementor-section-height-default elementor-section-height-default\" data-id=\"3725965\" data-element_type=\"section\">\n\t\t\t\t\t\t<div class=\"elementor-container elementor-column-gap-default\">\n\t\t\t\t\t<div class=\"elementor-column elementor-col-33 elementor-top-column elementor-element elementor-element-b3cc518\" data-id=\"b3cc518\" data-element_type=\"column\">\n\t\t\t<div class=\"elementor-widget-wrap elementor-element-populated\">\n\t\t\t\t\t\t\t\t<div class=\"elementor-element elementor-element-921250d elementor-widget elementor-widget-image\" data-id=\"921250d\" data-element_type=\"widget\" data-widget_type=\"image.default\">\n\t\t\t\t<div class=\"elementor-widget-container\">\n\t\t\t<style>\/*! elementor - v3.13.3 - 28-05-2023 *\/\n.elementor-widget-image{text-align:center}.elementor-widget-image a{display:inline-block}.elementor-widget-image a img[src$=\".svg\"]{width:48px}.elementor-widget-image img{vertical-align:middle;display:inline-block}<\/style>\t\t\t\t\t\t\t\t\t\t\t\t<img loading=\"lazy\" decoding=\"async\" width=\"500\" height=\"500\" src=\"https:\/\/www.lugemont.sk\/wp-content\/uploads\/2023\/06\/oman-1.jpg\" class=\"attachment-large size-large wp-image-876\" alt=\"\" srcset=\"https:\/\/www.lugemont.sk\/wp-content\/uploads\/2023\/06\/oman-1.jpg 500w, https:\/\/www.lugemont.sk\/wp-content\/uploads\/2023\/06\/oman-1-300x300.jpg 300w, https:\/\/www.lugemont.sk\/wp-content\/uploads\/2023\/06\/oman-1-150x150.jpg 150w\" sizes=\"(max-width: 500px) 100vw, 500px\" \/>\t\t\t\t\t\t\t\t\t\t\t\t\t\t\t<\/div>\n\t\t\t\t<\/div>\n\t\t\t\t<div class=\"elementor-element elementor-element-afabb57 elementor-widget elementor-widget-image\" data-id=\"afabb57\" data-element_type=\"widget\" data-widget_type=\"image.default\">\n\t\t\t\t<div class=\"elementor-widget-container\">\n\t\t\t\t\t\t\t\t\t\t\t\t\t\t\t<img loading=\"lazy\" decoding=\"async\" width=\"123\" height=\"200\" src=\"https:\/\/www.lugemont.sk\/wp-content\/uploads\/2023\/06\/15.png\" class=\"attachment-large size-large wp-image-895\" alt=\"\" \/>\t\t\t\t\t\t\t\t\t\t\t\t\t\t\t<\/div>\n\t\t\t\t<\/div>\n\t\t\t\t<div class=\"elementor-element elementor-element-8f66c75 elementor-widget elementor-widget-image\" data-id=\"8f66c75\" data-element_type=\"widget\" data-widget_type=\"image.default\">\n\t\t\t\t<div class=\"elementor-widget-container\">\n\t\t\t\t\t\t\t\t\t\t\t\t\t\t\t<img loading=\"lazy\" decoding=\"async\" width=\"200\" height=\"134\" src=\"https:\/\/www.lugemont.sk\/wp-content\/uploads\/2023\/06\/atypicke-zal.png\" class=\"attachment-large size-large wp-image-769\" alt=\"\" \/>\t\t\t\t\t\t\t\t\t\t\t\t\t\t\t<\/div>\n\t\t\t\t<\/div>\n\t\t\t\t\t<\/div>\n\t\t<\/div>\n\t\t\t\t<div class=\"elementor-column elementor-col-66 elementor-top-column elementor-element elementor-element-f6cb50c\" data-id=\"f6cb50c\" data-element_type=\"column\">\n\t\t\t<div class=\"elementor-widget-wrap elementor-element-populated\">\n\t\t\t\t\t\t\t\t<div class=\"elementor-element elementor-element-bd8780f elementor-widget elementor-widget-heading\" data-id=\"bd8780f\" data-element_type=\"widget\" data-widget_type=\"heading.default\">\n\t\t\t\t<div class=\"elementor-widget-container\">\n\t\t\t<h2 class=\"elementor-heading-title elementor-size-default\">ISSO retiazka<\/h2>\t\t<\/div>\n\t\t\t\t<\/div>\n\t\t\t\t<div class=\"elementor-element elementor-element-e1a3dc3 elementor-widget elementor-widget-text-editor\" data-id=\"e1a3dc3\" data-element_type=\"widget\" data-widget_type=\"text-editor.default\">\n\t\t\t\t<div class=\"elementor-widget-container\">\n\t\t\t<style>\/*! elementor - v3.13.3 - 28-05-2023 *\/\n.elementor-widget-text-editor.elementor-drop-cap-view-stacked .elementor-drop-cap{background-color:#69727d;color:#fff}.elementor-widget-text-editor.elementor-drop-cap-view-framed .elementor-drop-cap{color:#69727d;border:3px solid;background-color:transparent}.elementor-widget-text-editor:not(.elementor-drop-cap-view-default) .elementor-drop-cap{margin-top:8px}.elementor-widget-text-editor:not(.elementor-drop-cap-view-default) .elementor-drop-cap-letter{width:1em;height:1em}.elementor-widget-text-editor .elementor-drop-cap{float:left;text-align:center;line-height:1;font-size:50px}.elementor-widget-text-editor .elementor-drop-cap-letter{display:inline-block}<\/style>\t\t\t\t<p>Horizont\u00e1lne \u017eal\u00fazie sa te\u0161ia ve\u013ekej ob\u013eube, a to najm\u00e4 v\u010faka svojej variabilite. S\u00fa k dostaniu v \u0161irokom spektre farieb a typov. Lamely s\u00fa vyroben\u00e9 z hlin\u00edka, ktor\u00fd je vysoko odoln\u00fd. Horizont\u00e1lne \u017eal\u00fazie vyr\u00e1bame aj v imit\u00e1cii dreva.<\/p><p>ISSO retiazka patr\u00ed medzi naj\u017eiadanej\u0161ie a najpred\u00e1vanej\u0161ie produkty v oblasti tieniacej techniky. M\u00e1 modern\u00e9 prevedenie a je ur\u010den\u00e1 pre v\u0161etky typy plastov\u00fdch a dreven\u00fdch okien. Svojou estetickou \u00fapravou a jednoduchou ovl\u00e1date\u013enos\u0165ou je ob\u013e\u00faben\u00fdm doplnkom kancel\u00e1ri\u00ed, \u0161k\u00f4l, bytov a rodinn\u00fdch domov. Celotieniacim mechanizmom, umiestnen\u00fdm v podobe otvorov na zadn\u00fdch stran\u00e1ch lamiel, je minimalizovan\u00e1 priepustnos\u0165 svetla do interi\u00e9ru. Jednoduch\u00fd syst\u00e9m ovl\u00e1dania pomocou retiazkovej \u017eal\u00fazie zase umo\u017e\u0148uje ve\u013emi \u013eahk\u00fa regul\u00e1ciu intenzity prenikania svetla do interi\u00e9ru.<\/p>\t\t\t\t\t\t<\/div>\n\t\t\t\t<\/div>\n\t\t\t\t<div class=\"elementor-element elementor-element-aea8fc4 elementor-widget elementor-widget-heading\" data-id=\"aea8fc4\" data-element_type=\"widget\" data-widget_type=\"heading.default\">\n\t\t\t\t<div class=\"elementor-widget-container\">\n\t\t\t<h2 class=\"elementor-heading-title elementor-size-default\">ISSO brzda<\/h2>\t\t<\/div>\n\t\t\t\t<\/div>\n\t\t\t\t<div class=\"elementor-element elementor-element-4a4524e elementor-widget elementor-widget-text-editor\" data-id=\"4a4524e\" data-element_type=\"widget\" data-widget_type=\"text-editor.default\">\n\t\t\t\t<div class=\"elementor-widget-container\">\n\t\t\t\t\t\t\t<p>ISSO \u017eal\u00fazie zatie\u0148uj\u00fa interi\u00e9ry a chr\u00e1nia pred ne\u017eiaducimi poh\u013eadmi. Dokonale spl\u00fdvaj\u00fa s interi\u00e9rom a p\u00f4sobia ve\u013emi esteticky. V\u0161etky upev\u0148ovacie prvky s\u00fa prekryt\u00e9 elegantn\u00fdmi plastov\u00fdmi krytkami. Prv\u00fdm ovl\u00e1dac\u00edm prvkom je brzdov\u00fd mechanizmus so \u0161n\u00farkou, \u010do umo\u017e\u0148uje nastavenie lamiel v \u013eubovo\u013enej v\u00fd\u0161ke bez toho, aby sa \u0161n\u00farka musela upev\u0148ova\u0165 okolo plastov\u00e9ho kolieska. Druh\u00fdm ovl\u00e1dac\u00edm prvkom je \u0161es\u0165hrann\u00fd interi\u00e9rov\u00fd ovl\u00e1da\u010d, pomocou ktor\u00e9ho sa lamely \u017eal\u00fazie otv\u00e1raj\u00fa a zatv\u00e1raj\u00fa.<\/p><p>Aby sa horn\u00fd profil prisp\u00f4sobil nov\u00fdm trendom, m\u00e1 rovnak\u00fd tvar a sp\u00f4sob upevnenia ako ISSO retiazka. ISSO bzda bola upraven\u00e1 tak, aby sa dala jednoducho namontova\u0165 do zasklievacej \u010dasti okien.<\/p>\t\t\t\t\t\t<\/div>\n\t\t\t\t<\/div>\n\t\t\t\t<div class=\"elementor-element elementor-element-f0452c9 elementor-widget elementor-widget-heading\" data-id=\"f0452c9\" data-element_type=\"widget\" data-widget_type=\"heading.default\">\n\t\t\t\t<div class=\"elementor-widget-container\">\n\t\t\t<h2 class=\"elementor-heading-title elementor-size-default\">Atypick\u00e9 \u017eal\u00fazie<\/h2>\t\t<\/div>\n\t\t\t\t<\/div>\n\t\t\t\t<div class=\"elementor-element elementor-element-0597806 elementor-widget elementor-widget-text-editor\" data-id=\"0597806\" data-element_type=\"widget\" data-widget_type=\"text-editor.default\">\n\t\t\t\t<div class=\"elementor-widget-container\">\n\t\t\t\t\t\t\t<p>Atypick\u00e9 \u017eal\u00fazie s\u00fa modern\u00fdm doplnkom interi\u00e9rov domov a montuj\u00fa sa na okn\u00e1 v atypickom preveden\u00ed. Atypick\u00fa \u017eal\u00faziu je mo\u017en\u00e9 vyrobi\u0165 vo viacer\u00fdch prevedeniach s v\u00fdnimkou medzisklenej \u017eal\u00fazie.<\/p>\t\t\t\t\t\t<\/div>\n\t\t\t\t<\/div>\n\t\t\t\t\t<\/div>\n\t\t<\/div>\n\t\t\t\t\t\t\t<\/div>\n\t\t<\/section>\n\t\t\t\t\t\t\t<\/div>\n\t\t","protected":false},"excerpt":{"rendered":"<p>Horizont\u00e1lne vn\u00fatorn\u00e9 \u017eal\u00fazie ISSO retiazka Horizont\u00e1lne \u017eal\u00fazie sa te\u0161ia ve\u013ekej ob\u013eube, a to najm\u00e4 v\u010faka svojej variabilite. S\u00fa k dostaniu v \u0161irokom spektre farieb a typov. Lamely s\u00fa vyroben\u00e9 z hlin\u00edka, ktor\u00fd je vysoko odoln\u00fd. Horizont\u00e1lne \u017eal\u00fazie vyr\u00e1bame aj v imit\u00e1cii dreva. ISSO retiazka patr\u00ed medzi naj\u017eiadanej\u0161ie a najpred\u00e1vanej\u0161ie produkty v oblasti tieniacej techniky. M\u00e1 [&hellip;]<\/p>\n","protected":false},"author":1,"featured_media":0,"parent":411,"menu_order":0,"comment_status":"closed","ping_status":"closed","template":"elementor_header_footer","meta":{"footnotes":""},"_links":{"self":[{"href":"https:\/\/www.lugemont.sk\/index.php\/wp-json\/wp\/v2\/pages\/162"}],"collection":[{"href":"https:\/\/www.lugemont.sk\/index.php\/wp-json\/wp\/v2\/pages"}],"about":[{"href":"https:\/\/www.lugemont.sk\/index.php\/wp-json\/wp\/v2\/types\/page"}],"author":[{"embeddable":true,"href":"https:\/\/www.lugemont.sk\/index.php\/wp-json\/wp\/v2\/users\/1"}],"replies":[{"embeddable":true,"href":"https:\/\/www.lugemont.sk\/index.php\/wp-json\/wp\/v2\/comments?post=162"}],"version-history":[{"count":84,"href":"https:\/\/www.lugemont.sk\/index.php\/wp-json\/wp\/v2\/pages\/162\/revisions"}],"predecessor-version":[{"id":948,"href":"https:\/\/www.lugemont.sk\/index.php\/wp-json\/wp\/v2\/pages\/162\/revisions\/948"}],"up":[{"embeddable":true,"href":"https:\/\/www.lugemont.sk\/index.php\/wp-json\/wp\/v2\/pages\/411"}],"wp:attachment":[{"href":"https:\/\/www.lugemont.sk\/index.php\/wp-json\/wp\/v2\/media?parent=162"}],"curies":[{"name":"wp","href":"https:\/\/api.w.org\/{rel}","templated":true}]}}